*2 - 7*p + 6. What is the remainder when (6/2)/3*18 is divided by c(4)?
8
Let k(t) = t**3 + 19*t**2 - t + 13. Let x(c) = c**2 + 4*c - 19. Let g be x(0). Calculate the remainder when k(g) is divided by 5.
2
Suppose 4*r - 3*r - 6 = 5*z, 26 = r + 5*z. Suppose 0*a = 3*a. Suppose -x = -a*x - 62. What is the remainder when x is divided by r?
14
What is the remainder when 75/10*(-18)/(-27) is divided by 4?
1
Let k be 796/4*(-3)/3. Let l = -136 - k. What is the remainder when l is divided by 17?
12
Let w(v) = -10*v**2 - 4*v - 7 - 7*v + 0*v + 9*v**2. Suppose 0 = 4*s, 6*m - m - s = -30. Calculate the remainder when 91 is divided by w(m).
22
Suppose -4*f = -16, 5*f - f - 61 = -5*a. Let r = 5 + a. What is the remainder when r is divided by 9?
5
Let o be (2/(-3))/(2/(-6)). Let p(f) = 9*f + 0*f - 4*f + 5 + o*f**2 - 3. Calculate the remainder when 68 is divided by p(-4).
12
Suppose 360 = 2*k + 2*n, -5*k + 850 = -3*n - 2*n. Suppose 0 = -6*v + v + k. What is the remainder when v is divided by (-1 - -3)*(-2 + 11)?
17
Suppose -29 = 8*i - 125. Let c be 1*(-2)/(-4)*2. Let d = i + c. What is the remainder when 37 is divided by d?
11
What is the remainder when 250 is divided by (0 - 14/9)/((-9)/81)?
12
Let c = -10 - -10. Suppose -5*r + 3*r + 38 = c. Let i(p) = -60*p - 5. Calculate the remainder when i(-1) is divided by r.
17
Suppose 2*x - 79 + 26 = s, -s = x - 25. Let w(j) = j**3 - 3*j**2 + 4*j + 7. Calculate the remainder when w(5) is divided by x.
25
Suppose 4*i + 36 = 8*i. Let m be ((-42)/i)/((-1)/3). What is the remainder when 50 is divided by ((-4)/(-2) - 3) + m?
11
Let t(q) = 5*q - 41. Let z be t(9). Suppose 2*i + 2 = -s, i + 4*s = -19 + z. Calculate the remainder when 1 is divided by i.
0
Suppose 0 = -4*k - 59 + 279. Suppose 3*n + q + 25 = 195, -2*q + k = n. What is the remainder when n is divided by (6*2)/(1 + 0)?
9
Let u = 210 - 192. What is the remainder when u is divided by 11?
7
Let a(s) = -s**2 + 13*s - 8. What is the remainder when 46 is divided by a(12)?
2
Suppose 21*d - 3823 - 4241 = 0. Calculate the remainder when d is divided by 35.
34
Suppose -31*l = -7*l - 1440. Suppose -l = 27*t - 33*t. What is the remainder when 25 is divided by t?
5
Suppose -24*l + 17*l = -497. Suppose -6 - 70 = -4*n. What is the remainder when l is divided by n?
14
Let y be 1/(-4*(-1)/388). Suppose 17 - y = -v. Suppose -3*s = -b + 20, b + 5*s - v = -3*b. Calculate the remainder when 37 is divided by b.
17
Suppose 0 = -0*k - 5*k + 35. Suppose -2*w - 115 = -k*w. Let p(z) = -z**2 + 8. What is the remainder when w is divided by p(0)?
7
Let b = -187 - -264. Let a = 91 - b. Calculate the remainder when 97 is divided by a.
13
Let h be 17/(10/(-5) + 3). Suppose -5*p + h = -13. What is the remainder when (-4)/(-18) - 176/(-18) is divided by p?
4
Let m = 2877 + -2853. What is the remainder when 761 is divided by m?
17
Calculate the remainder when (-4)/((-8)/138) - (6 - 1) is divided by 15.
4
Let p = -67 - -97. What is the remainder when 388 is divided by p?
28
Suppose -14*a - 17*a = -10695. What is the remainder when a is divided by 29?
26
Suppose -4*b + 1137 = 3*q, -q + 1147 = 28*b - 24*b. What is the remainder when b is divided by 27?
18
Let q(r) = -2*r**3 + 6*r**2 - 2*r - 25. Calculate the remainder when q(-4) is divided by 35.
32
Let f = -175 - -219. Calculate the remainder when f is divided by 10.
4
Let t(d) = 18*d + 8. Suppose 3*z = -2*z - 5*a + 40, a = z. What is the remainder when t(z) is divided by 27?
26
Suppose 2*h + 28 = 4*r, 3*r + 2*h - 12 = -r. Suppose 62 = r*v - w, 0*v - 2*v - 2*w = -20. Calculate the remainder when (-4)/(-2) - (1 + -21) is divided by v.
10
Suppose -22 + 61 = 13*s. Let j be (-2)/4 - 15/(-6). Suppose -4*z + 2 = -3*a + j*a, 3*a - 8 = -2*z. Calculate the remainder when s is divided by z.
0
Suppose -879*u = -898*u + 13566. What is the remainder when u is divided by 16?
10
Suppose -2*k = -6*k - 8, -18 = 2*b - 3*k. Let v = 69 - 9. What is the remainder when v is divided by 3/b - (-510)/24?
18
Suppose 3966 = -20*r + 22406. What is the remainder when r is divided by 32?
26
Let c(q) = -32*q - 233. What is the remainder when c(-24) is divided by 67?
66
Let a(d) = -2*d + 17. Let h = 24 - 29. What is the remainder when a(h) is divided by 10?
7
Let p = -186 - -558. Calculate the remainder when p is divided by 94.
90
Suppose -o - 2*g + 268 + 145 = 0, 0 = -3*o - 2*g + 1227. What is the remainder when o is divided by 17?
16
Let m(l) = -30*l + 2 + 0 + 0. Let j(b) = b**3 - 19*b**2 - 19*b - 21. Let s be j(20). Calculate the remainder when m(s) is divided by 11.
10
Let c = -41 - -47. Suppose 2*g - c*g + 132 = 0. What is the remainder when g is divided by 6?
3
Suppose 5*j + 3*j = 168. Calculate the remainder when 78 is divided by j.
15
Let y be (-86)/6 + (-4)/(-12). Let l = -18 - -26. What is the remainder when 216/14 + (-1 - 8/y) is divided by l?
7
Let w = 9 - -309. What is the remainder when w is divided by 11?
10
Suppose -2*c = -b - 72, 3*c - 74 - 29 = -b. What is the remainder when 140 is divided by c?
0
Suppose -u + 12 = z, 0 = -2*z + 4*u - 3 + 9. Let w(x) = -x**2 + 4*x + 3. What is the remainder when z is divided by w(4)?
0
Let t = -36 + 18. Let w = t + 20. Suppose w*s + 5*l = 82, -2*s - 2*l + 70 = -0*s. What is the remainder when s is divided by 8?
7
Suppose -5*a - 4*f = 0, 4*f + 0*f = 2*a - 28. Suppose -56 = -4*v + a*s, -2*v + 38 - 13 = s. What is the remainder when 77 is divided by v?
12
Suppose 0 = -2*u + 3*s + 46, -u - 2*u = 4*s - 35. Let l = -429 - -475. Calculate the remainder when l is divided by u.
12
Let t be 6/(-21) - (-2 + 144/(-14)). Calculate the remainder when 46 is divided by 56/(-12)*t*(-12)/56.
10
Let v(b) = 16*b**2 + b. Suppose 23*m - 113 = 554. What is the remainder when m is divided by v(-1)?
14
Suppose -5*u = -3*g - 33, -2*u = u - 9. Let n be (5 - -1)*(-4)/g. Suppose -n*q + 2*q = -148. Calculate the remainder when q is divided by 19.
17
Let q = -40 - -73. Calculate the remainder when (-318)/(-4) - (-2)/4 is divided by -5 - -6*q/6.
24
Let r be (0 - -2)/((-4)/(-56)). Let w = -12 + r. Calculate the remainder when 71 is divided by ((-54)/4)/((-12)/w).
17
Suppose -4*c + 170 + 46 = 4*m, 2*c - 216 = -4*m. Suppose -2*n - 4*j = -230, -7*n - 3*j = -2*n - 540. Calculate the remainder when n is divided by m.
51
Suppose 4*k - 7*k + 553 = 2*u, -2*k - u = -369. What is the remainder when k is divided by 29?
11
Let o = 98 + 90. What is the remainder when o is divided by 32?
28
Suppose d - 6*v + 48 = 2*d, 5*v + 345 = 5*d. Calculate the remainder when d is divided by (-1 + 4)*51/9.
15
Calculate the remainder when (54/24)/(16/1664) is divided by 14.
10
Let i(t) = 13*t + 0*t - 10 + 7*t - 2. What is the remainder when i(11) is divided by 42?
40
Let h = 741 - 666. Calculate the remainder when 668 is divided by h.
68
Let f be 1/1 - 7 - -2. Let m(g) = -g**3 - 3*g**2 + 3*g. What is the remainder when ((-21)/35)/(5/(-125)) is divided by m(f)?
3
Suppose 27*d - 24*d - 54 = 0. Let n = 27 - d. What is the remainder when 97 is divided by n?
7
Suppose 0 = -31*u + 36*u + 10. Calculate the remainder when 23 is divided by 12 - (u - (-10 + 4)).
7
What is the remainder when 88 is divided by (-2)/3 + -46*(-8)/12?
28
Let s(o) = -o**3 - 16*o**2 + 10*o - 12. Let m be 17*(-4 - (0 + -3)). Calculate the remainder when s(m) is divided by 22.
19
Suppose -2*g + 60 = 3*h + g, -4*g + 8 = 0. Let d be (-1 + -2)/(2/(-6)). What is the remainder when 1*213/(d/3) is divided by h?
17
Let y be (7482/301)/(1/(-7)). Let f = 291 + y. What is the remainder when f is divided by 25?
17
Suppose -180*d + 182*d = 216. Let x be 6/3 - 1/(-1). Suppose t = -x*t + d. Calculate the remainder when t is divided by 10.
7
Let a = -76 - -65. Let g be 3/(3/2 + 0). Let b = g - a. Calculate the remainder when 37 is divided by b.
11
Suppose 6*x = 12*x - 24. Suppose 3*t - x*t - 4*s = -3, t - 21 = 5*s. Calculate the remainder when 53 is divided by t.
9
Suppose 8 = -5*w + 3*t, 5*w + 4*t = 1 - 2. Let m = w + 8. Calculate the remainder when (-6)/(-18)*(1 + -16)*-5 is divided by m.
4
Suppose 0 = 2*g - 3*g + 2. Suppose 0 = -5*s + g*s + 30. Suppose -4*q + 82 = 2*o, o = 5*o - 12. What is the remainder when q is divided by s?
9
Let j(n) = 3*n**2 + 2*n. Let z be (-17 + 13)*((-3)/2)/3. What is the remainder when 61 is divided by j(z)